{"id":66,"date":"2022-07-29T10:17:35","date_gmt":"2022-07-29T08:17:35","guid":{"rendered":"https:\/\/studioreflex.fr\/?page_id=66"},"modified":"2022-07-29T12:43:05","modified_gmt":"2022-07-29T10:43:05","slug":"mentions-legales","status":"publish","type":"page","link":"https:\/\/studioreflex.fr\/?page_id=66","title":{"rendered":"Mentions l\u00e9gales"},"content":{"rendered":"\n<figure class=\"wp-block-table\"><table><tbody><tr><td>Raison sociale<\/td><td>STUDIO REFLEX<\/td><\/tr><tr><td>Adresse<\/td><td><a href=\"javascript:void(0);\"><\/a>8 RUE DE NEUVILLE<br>94500Champigny-sur-Marne <a href=\"javascript:void(0);\"><\/a> Retrouvez les soci\u00e9t\u00e9s<br>du m\u00eame d\u00e9partement<\/td><\/tr><tr><td>Forme juridique<\/td><td>SARL unipersonnelle<\/td><\/tr><tr><td>Date de cr\u00e9ation<\/td><td>Cr\u00e9\u00e9e le 01\/07\/2004<\/td><\/tr><tr><td>SIREN<\/td><td>478 042 583<\/td><\/tr><tr><td>SIRET<\/td><td>478 042 583 00011<\/td><\/tr><tr><td>Num\u00e9ro de TVA<\/td><td>FR27478042583<\/td><\/tr><tr><td>Activit\u00e9 (code APE \/ NAF)<\/td><td>7420Z \/ Activit\u00e9s photographiques<\/td><\/tr><\/tbody><\/table><\/figure>\n\n\n\n<p>Le si\u00e8ge social de cette entreprise est actuellement situ\u00e9 8 rue de Neuville &#8211; 94500 Champigny-sur-marne<\/p>\n\n\n\n<figure class=\"wp-block-table\"><table><tbody><tr><td>G\u00e9rant<\/td><td>M QUESNEL Xavier<\/td><\/tr><\/tbody><\/table><\/figure>\n","protected":false},"excerpt":{"rendered":"<p>Raison sociale STUDIO REFLEX Adresse 8 RUE DE NEUVILLE94500Champigny-sur-Marne Retrouvez les soci\u00e9t\u00e9sdu m\u00eame d\u00e9partement Forme juridique SARL unipersonnelle Date de cr\u00e9ation Cr\u00e9\u00e9e le 01\/07\/2004 SIREN 478 042 583 SIRET 478 &#8230;<\/p>\n","protected":false},"author":1,"featured_media":0,"parent":0,"menu_order":0,"comment_status":"closed","ping_status":"closed","template":"template-fullwidth.php","meta":{"footnotes":""},"class_list":["post-66","page","type-page","status-publish","hentry"],"_links":{"self":[{"href":"https:\/\/studioreflex.fr\/index.php?rest_route=\/wp\/v2\/pages\/66","targetHints":{"allow":["GET"]}}],"collection":[{"href":"https:\/\/studioreflex.fr\/index.php?rest_route=\/wp\/v2\/pages"}],"about":[{"href":"https:\/\/studioreflex.fr\/index.php?rest_route=\/wp\/v2\/types\/page"}],"author":[{"embeddable":true,"href":"https:\/\/studioreflex.fr\/index.php?rest_route=\/wp\/v2\/users\/1"}],"replies":[{"embeddable":true,"href":"https:\/\/studioreflex.fr\/index.php?rest_route=%2Fwp%2Fv2%2Fcomments&post=66"}],"version-history":[{"count":4,"href":"https:\/\/studioreflex.fr\/index.php?rest_route=\/wp\/v2\/pages\/66\/revisions"}],"predecessor-version":[{"id":93,"href":"https:\/\/studioreflex.fr\/index.php?rest_route=\/wp\/v2\/pages\/66\/revisions\/93"}],"wp:attachment":[{"href":"https:\/\/studioreflex.fr\/index.php?rest_route=%2Fwp%2Fv2%2Fmedia&parent=66"}],"curies":[{"name":"wp","href":"https:\/\/api.w.org\/{rel}","templated":true}]}}